{"id":184,"date":"2021-10-03T18:01:17","date_gmt":"2021-10-03T18:01:17","guid":{"rendered":"http:\/\/nexsperu.com\/?post_type=product&#038;p=184"},"modified":"2021-10-03T18:03:06","modified_gmt":"2021-10-03T18:03:06","slug":"antena-tv-yagi","status":"publish","type":"product","link":"https:\/\/nexsperu.com\/index.php\/producto\/antena-tv-yagi\/","title":{"rendered":"Antena TV YAGI"},"content":{"rendered":"<p>La Antena GISCAR, tipo Yagi, modelo GC-TV-3E, de fabricaci\u00f3n nacional, est\u00e1 dise\u00f1ada para trabajar en el \u00e1rea de radiodifusi\u00f3n Televisiva en la Banda I y Banda III, en VHF. Est\u00e1 compuesta de un dipolo plegado, como elemento radiador, un reflector y un director. Los elementos val conectados, mec\u00e1nicamente, a masa como protecci\u00f3n contra descargas el\u00e9ctricas. El dipolo es alimentado y adaptado en impedancia y simetr\u00eda mediante un balum coaxial encapsulado en resina epoxi.<\/p>\n","protected":false},"excerpt":{"rendered":"<a class=\"button  button_size_2\" href=\"http:\/\/www.transmisoresperu.com\/datasheets\/antenas\/antenatvyagi.pdf\" target=\"_blank\"   ><span class=\"button_label\">Ver ficha t\u00e9cnica<\/span><\/a>\n\n","protected":false},"featured_media":187,"comment_status":"open","ping_status":"closed","template":"","meta":{"_monsterinsights_skip_tracking":false,"_monsterinsights_sitenote_active":false,"_monsterinsights_sitenote_note":"","_monsterinsights_sitenote_category":0},"product_cat":[72],"product_tag":[],"yst_prominent_words":[],"_links":{"self":[{"href":"https:\/\/nexsperu.com\/index.php\/wp-json\/wp\/v2\/product\/184"}],"collection":[{"href":"https:\/\/nexsperu.com\/index.php\/wp-json\/wp\/v2\/product"}],"about":[{"href":"https:\/\/nexsperu.com\/index.php\/wp-json\/wp\/v2\/types\/product"}],"replies":[{"embeddable":true,"href":"https:\/\/nexsperu.com\/index.php\/wp-json\/wp\/v2\/comments?post=184"}],"wp:featuredmedia":[{"embeddable":true,"href":"https:\/\/nexsperu.com\/index.php\/wp-json\/wp\/v2\/media\/187"}],"wp:attachment":[{"href":"https:\/\/nexsperu.com\/index.php\/wp-json\/wp\/v2\/media?parent=184"}],"wp:term":[{"taxonomy":"product_cat","embeddable":true,"href":"https:\/\/nexsperu.com\/index.php\/wp-json\/wp\/v2\/product_cat?post=184"},{"taxonomy":"product_tag","embeddable":true,"href":"https:\/\/nexsperu.com\/index.php\/wp-json\/wp\/v2\/product_tag?post=184"},{"taxonomy":"yst_prominent_words","embeddable":true,"href":"https:\/\/nexsperu.com\/index.php\/wp-json\/wp\/v2\/yst_prominent_words?post=184"}],"curies":[{"name":"wp","href":"https:\/\/api.w.org\/{rel}","templated":true}]}}