{"id":720,"date":"2023-02-05T19:06:02","date_gmt":"2023-02-05T19:06:02","guid":{"rendered":"http:\/\/nexsperu.com\/?post_type=product&#038;p=720"},"modified":"2023-02-05T20:32:21","modified_gmt":"2023-02-05T20:32:21","slug":"ftth-drop-de-2-hilos","status":"publish","type":"product","link":"https:\/\/nexsperu.com\/index.php\/producto\/ftth-drop-de-2-hilos\/","title":{"rendered":"ANRITSU MS2711E"},"content":{"rendered":"<p><span style=\"color: #0000ff;\"><strong>Analizador de espectro de FI independiente y port\u00e1til:<\/strong><\/span><\/p>\n<p style=\"text-align: left;\">\u00a0 \u00a0Descripci\u00f3n<\/p>\n<p style=\"text-align: left;\"><strong><span style=\"color: #333399;\">ANRITSU\u00a0<span id=\"idml_reference_detail\" class=\"cssml_reference_detail\">MS2711E<\/span><\/span><\/strong><\/p>\n<ul>\n<li>El MS2711E cuenta con una pantalla t\u00e1ctil de 21 cm extremadamente f\u00e1cil de usar<br \/>\nque permite la personalizaci\u00f3n de iconos de acceso directo para cualquier funci\u00f3n,<br \/>\nas\u00ed como men\u00fas intuitivos para maximizar la productividad del usuario en el<br \/>\ny mejorar la interfaz hombre-m\u00e1quina.\u00a0El \u00faltimo modelo de Spectrum<br \/>\nMaster tambi\u00e9n tiene funciones integradas, como<br \/>\nmedici\u00f3n de banda ocupada, medici\u00f3n de potencia de canal adyacente, m\u00e1scara de emisi\u00f3n y<br \/>\nmediciones de intensidad de campo.<\/li>\n<li>Caracter\u00edsticas principales:<br \/>\n&#8211; BP= 9 kHz a 3 GHz<br \/>\n&#8211; Mediciones con un solo bot\u00f3n: ACPR, potencia de canal, intensidad de campo, ancho de banda ocupado,<br \/>\ndemodulaci\u00f3n AM\/FM\/SSB<br \/>\n&#8211; Analizador de interferencias: espectrograma, intensidad de se\u00f1al, RSSI, ID de se\u00f1al,<br \/>\nmapeo de interferencias<br \/>\n&#8211; DANL: &gt; -142 dBm en 100 Hz RBW<br \/>\n&#8211; Rango din\u00e1mico: &gt; 85 dB en 100 Hz RBW<br \/>\n&#8211; +25 dBm TOI t\u00edpico a 2 GHz<br \/>\n&#8211; Ruido de fase: -90 dBc\/Hz a 10 kHz a 1 GHz<br \/>\n&#8211; Precisi\u00f3n de frecuencia: &lt; \u00b1 50 ppb con GPS<br \/>\nactivado &#8211; M\u00e9todos de detecci\u00f3n: Pico, RMS, Negativo, Muestra, Cuasi-pico<br \/>\n&#8211; Guardar en evento: guarda autom\u00e1ticamente un barrido al cruzar una l\u00ednea l\u00edmite o al<br \/>\nfinal del barrido.<br \/>\n&#8211; Tres horas de duraci\u00f3n de la bater\u00eda<br \/>\n&#8211; Pantalla t\u00e1ctil<br \/>\n&#8211; USB para transferencia de datos y control de instrumentos<br \/>\n&#8211; Pantalla t\u00e1ctil visible a la luz del d\u00eda de 8,4 pulgadas<br \/>\n&#8211; Peso ligero: &lt; 3,45 kg<\/li>\n<\/ul>\n<h6>,<\/h6>\n<h2><\/h2>\n","protected":false},"excerpt":{"rendered":"<a class=\"button  button_size_2\" href=\"\" target=\"_blank\"   ><span class=\"button_label\">Ver ficha t\u00e9cnica<\/span><\/a>\n\n","protected":false},"featured_media":728,"comment_status":"open","ping_status":"closed","template":"","meta":{"_monsterinsights_skip_tracking":false,"_monsterinsights_sitenote_active":false,"_monsterinsights_sitenote_note":"","_monsterinsights_sitenote_category":0},"product_cat":[17],"product_tag":[],"yst_prominent_words":[],"_links":{"self":[{"href":"https:\/\/nexsperu.com\/index.php\/wp-json\/wp\/v2\/product\/720"}],"collection":[{"href":"https:\/\/nexsperu.com\/index.php\/wp-json\/wp\/v2\/product"}],"about":[{"href":"https:\/\/nexsperu.com\/index.php\/wp-json\/wp\/v2\/types\/product"}],"replies":[{"embeddable":true,"href":"https:\/\/nexsperu.com\/index.php\/wp-json\/wp\/v2\/comments?post=720"}],"wp:featuredmedia":[{"embeddable":true,"href":"https:\/\/nexsperu.com\/index.php\/wp-json\/wp\/v2\/media\/728"}],"wp:attachment":[{"href":"https:\/\/nexsperu.com\/index.php\/wp-json\/wp\/v2\/media?parent=720"}],"wp:term":[{"taxonomy":"product_cat","embeddable":true,"href":"https:\/\/nexsperu.com\/index.php\/wp-json\/wp\/v2\/product_cat?post=720"},{"taxonomy":"product_tag","embeddable":true,"href":"https:\/\/nexsperu.com\/index.php\/wp-json\/wp\/v2\/product_tag?post=720"},{"taxonomy":"yst_prominent_words","embeddable":true,"href":"https:\/\/nexsperu.com\/index.php\/wp-json\/wp\/v2\/yst_prominent_words?post=720"}],"curies":[{"name":"wp","href":"https:\/\/api.w.org\/{rel}","templated":true}]}}