{"id":730,"date":"2023-02-05T20:51:04","date_gmt":"2023-02-05T20:51:04","guid":{"rendered":"http:\/\/nexsperu.com\/?post_type=product&#038;p=730"},"modified":"2023-02-05T21:02:43","modified_gmt":"2023-02-05T21:02:43","slug":"anritsu-mt8221b1","status":"publish","type":"product","link":"https:\/\/nexsperu.com\/index.php\/producto\/anritsu-mt8221b1\/","title":{"rendered":"Anritsu MT8221B1"},"content":{"rendered":"<p><strong><span style=\"color: #0000ff;\">ANALIZADOR DE ANTENA Y CABLE ANRITSU MT8221B1<\/span><\/strong><\/p>\n<p>El analizador de estaci\u00f3n base maestra <strong>Anritsu MT8221B BTS<\/strong> es el <span style=\"color: #000080;\">analizador<\/span> de estaci\u00f3n base de alto rendimiento de Anritsu.\u00a0Desde cero, ha sido dise\u00f1ado para admitir est\u00e1ndares 4G y redes 2G\/3G instaladas.\u00a0La plataforma del MT8221B proporciona una capacidad de demodulaci\u00f3n de 20 MHz para admitir anchos de banda LTE de 1,4 a 20 MHz.\u00a0Tambi\u00e9n cuenta con una salida de FI de rango cero de 30 MHz para la demodulaci\u00f3n externa de pr\u00e1cticamente cualquier otra se\u00f1al de banda ancha.\u00a0Adem\u00e1s, se encuentra disponible una opci\u00f3n de generador de se\u00f1ales vectoriales para una capacidad integral de prueba del receptor con la flexibilidad de generar dos se\u00f1ales moduladas m\u00e1s ruido.<\/p>\n<p>El analizador de estaciones base maestras BTS MT8221B es ideal para que los t\u00e9cnicos senior de sitios de celdas y los ingenieros de RF prueben y verifiquen con precisi\u00f3n y rapidez la instalaci\u00f3n y la puesta en marcha de estaciones base y sitios de celdas para un rendimiento \u00f3ptimo de la red inal\u00e1mbrica y para el mantenimiento continuo y la soluci\u00f3n de problemas para mantenga su infraestructura de red inal\u00e1mbrica afinada.<\/p>\n<p><strong>Caracter\u00edsticas:<\/strong><\/p>\n<ul>\n<li><strong>Analizador de cable y antena de 2 puertos de 400 MHz a 4 GHz<\/strong><\/li>\n<li>Camiseta al bies<\/li>\n<li>Receptor GPS<\/li>\n<li><strong>Analizador de espectro de 150 kHz a 7,1 GHz<\/strong><\/li>\n<li><strong>Medidor de potencia de 10 MHz a 7,1 GHz<\/strong><\/li>\n<li><strong>Analizador de interferencias de 150 kHz a 7,1 GHz<\/strong><\/li>\n<li><strong>Esc\u00e1ner de canales de 150 kHz a 7,1 GHz<\/strong><\/li>\n<li><strong>Analizadores de calidad de se\u00f1al<\/strong><\/li>\n<li>GSM\/EDGE, W-CDMA\/HSPA+, LTE, TD-SCDMA\/HSDPA<\/li>\n<li>CDMA, EV-DO, WiMAX fijo, WiMAX m\u00f3vil<\/li>\n<li>Analizadores de calidad de backhaul<\/li>\n<\/ul>\n<p><strong>Aplicaciones:<\/strong><\/p>\n<ul>\n<li><strong>Mediciones del analizador de antena y cable<\/strong><\/li>\n<li><strong>Mediciones del analizador de espectro<\/strong><\/li>\n<li><strong>Mediciones del analizador de interferencias<\/strong><\/li>\n<li><strong>Capacidad de esc\u00e1ner de canales<\/strong><\/li>\n<li><strong>Mediciones de analizadores de calidad de se\u00f1al<\/strong><\/li>\n<li><strong>Mediciones del analizador de calidad de backha<\/strong>ul<\/li>\n<\/ul>\n","protected":false},"excerpt":{"rendered":"<a class=\"button  button_size_2\" href=\"http:\/\/nexsperu.com\/wp-content\/uploads\/2023\/02\/ANRITSU-MT8221B.pdf\" target=\"_blank\"   ><span class=\"button_label\">Ver ficha t\u00e9cnica<\/span><\/a>\n\n","protected":false},"featured_media":731,"comment_status":"open","ping_status":"closed","template":"","meta":{"_monsterinsights_skip_tracking":false,"_monsterinsights_sitenote_active":false,"_monsterinsights_sitenote_note":"","_monsterinsights_sitenote_category":0},"product_cat":[17],"product_tag":[],"yst_prominent_words":[],"_links":{"self":[{"href":"https:\/\/nexsperu.com\/index.php\/wp-json\/wp\/v2\/product\/730"}],"collection":[{"href":"https:\/\/nexsperu.com\/index.php\/wp-json\/wp\/v2\/product"}],"about":[{"href":"https:\/\/nexsperu.com\/index.php\/wp-json\/wp\/v2\/types\/product"}],"replies":[{"embeddable":true,"href":"https:\/\/nexsperu.com\/index.php\/wp-json\/wp\/v2\/comments?post=730"}],"wp:featuredmedia":[{"embeddable":true,"href":"https:\/\/nexsperu.com\/index.php\/wp-json\/wp\/v2\/media\/731"}],"wp:attachment":[{"href":"https:\/\/nexsperu.com\/index.php\/wp-json\/wp\/v2\/media?parent=730"}],"wp:term":[{"taxonomy":"product_cat","embeddable":true,"href":"https:\/\/nexsperu.com\/index.php\/wp-json\/wp\/v2\/product_cat?post=730"},{"taxonomy":"product_tag","embeddable":true,"href":"https:\/\/nexsperu.com\/index.php\/wp-json\/wp\/v2\/product_tag?post=730"},{"taxonomy":"yst_prominent_words","embeddable":true,"href":"https:\/\/nexsperu.com\/index.php\/wp-json\/wp\/v2\/yst_prominent_words?post=730"}],"curies":[{"name":"wp","href":"https:\/\/api.w.org\/{rel}","templated":true}]}}