{"id":736,"date":"2023-02-05T21:47:54","date_gmt":"2023-02-05T21:47:54","guid":{"rendered":"http:\/\/nexsperu.com\/?post_type=product&#038;p=736"},"modified":"2023-02-08T17:20:53","modified_gmt":"2023-02-08T17:20:53","slug":"analizador-de-espectros-cables-y-antenas-anritsu-s332e-site-master","status":"publish","type":"product","link":"https:\/\/nexsperu.com\/index.php\/producto\/analizador-de-espectros-cables-y-antenas-anritsu-s332e-site-master\/","title":{"rendered":"Analizador de espectros, cables y antenas Anritsu S332E Site Master"},"content":{"rendered":"<ul>\n<li>\n<h4><strong>Analizador de espectros, cables y antenas Anritsu S332E Site Maste<\/strong>r<\/h4>\n<\/li>\n<li>&#8211; ParticularidadesMediciones: p\u00e9rdidas de retorno, relaci\u00f3n de onda estacionaria (ROE), p\u00e9rdidas en el cable, distancia a fallo (DTF), diagrama de SmithTiempo de barrido: 1 mseg\/punto (t\u00edpico)\n<p><strong>Calibraci\u00f3n: OSL, InstaCal y FlexCal<\/strong><\/p>\n<p><strong>Bater\u00eda Li-Ion<\/strong> con capacidad para 4 horas de trabajo<\/p>\n<p><strong>Pantalla a color t\u00e1ctil de 8,4 pulgadas<\/strong><\/p>\n<p>Dise\u00f1ado para trabajar en las condiciones del campo<\/li>\n<li>M\u00f3dulo principal Anritsu S332E Site Master (1 ud.)Adaptador\/cargador (1 ud.)<strong>Adaptador de 12 V DC para carro (1 ud.)<\/strong>\n<p>Cable mini USB (1 ud.)<\/p>\n<p>Funda (1 ud.)<\/p>\n<p><strong>Anritsu Tool Box con el DVD Line Sweep Tools (1 ud.)<\/strong><\/p>\n<p>CD con los documentos (1 ud.)<\/p>\n<p>Manual de usuario (1 ud.)<\/li>\n<\/ul>\n","protected":false},"excerpt":{"rendered":"<a class=\"button  button_size_2\" href=\"http:\/\/nexsperu.com\/wp-content\/uploads\/2023\/02\/Anritsu-S332Ef-manual-tecnico.pdf\"    ><span class=\"button_label\">Ver ficha t\u00e9cnica<\/span><\/a>\n\n","protected":false},"featured_media":734,"comment_status":"open","ping_status":"closed","template":"","meta":{"_monsterinsights_skip_tracking":false,"_monsterinsights_sitenote_active":false,"_monsterinsights_sitenote_note":"","_monsterinsights_sitenote_category":0},"product_cat":[69],"product_tag":[],"yst_prominent_words":[],"_links":{"self":[{"href":"https:\/\/nexsperu.com\/index.php\/wp-json\/wp\/v2\/product\/736"}],"collection":[{"href":"https:\/\/nexsperu.com\/index.php\/wp-json\/wp\/v2\/product"}],"about":[{"href":"https:\/\/nexsperu.com\/index.php\/wp-json\/wp\/v2\/types\/product"}],"replies":[{"embeddable":true,"href":"https:\/\/nexsperu.com\/index.php\/wp-json\/wp\/v2\/comments?post=736"}],"wp:featuredmedia":[{"embeddable":true,"href":"https:\/\/nexsperu.com\/index.php\/wp-json\/wp\/v2\/media\/734"}],"wp:attachment":[{"href":"https:\/\/nexsperu.com\/index.php\/wp-json\/wp\/v2\/media?parent=736"}],"wp:term":[{"taxonomy":"product_cat","embeddable":true,"href":"https:\/\/nexsperu.com\/index.php\/wp-json\/wp\/v2\/product_cat?post=736"},{"taxonomy":"product_tag","embeddable":true,"href":"https:\/\/nexsperu.com\/index.php\/wp-json\/wp\/v2\/product_tag?post=736"},{"taxonomy":"yst_prominent_words","embeddable":true,"href":"https:\/\/nexsperu.com\/index.php\/wp-json\/wp\/v2\/yst_prominent_words?post=736"}],"curies":[{"name":"wp","href":"https:\/\/api.w.org\/{rel}","templated":true}]}}