{"id":808,"date":"2023-02-09T20:30:59","date_gmt":"2023-02-09T20:30:59","guid":{"rendered":"http:\/\/nexsperu.com\/?post_type=product&#038;p=808"},"modified":"2023-02-09T20:31:00","modified_gmt":"2023-02-09T20:31:00","slug":"antena-panel-dipolo-fm","status":"publish","type":"product","link":"https:\/\/nexsperu.com\/index.php\/producto\/antena-panel-dipolo-fm\/","title":{"rendered":"Antena panel dipolo FM"},"content":{"rendered":"<h1 class=\"tt wow fadeInUp\">Antena de panel dipolo FM<\/h1>\n<ul>\n<li>MT-2000FM es una antena de panel dipolo \u00fanico, con polarizaci\u00f3n lineal y patr\u00f3n direccional.<\/li>\n<li>Ideal para aplicaciones de transmisi\u00f3n de baja y media potencia<\/li>\n<li class=\"wow fadeIn\">87,5-108 MHz de banda ancha<\/li>\n<li class=\"wow fadeIn\">Adecuado para antena colineal omnidireccional<\/li>\n<li class=\"wow fadeIn\">Construcci\u00f3n robusta en acero inoxidable Y Aluminio<\/li>\n<li class=\"wow fadeIn\">Polarizaci\u00f3n lineal<\/li>\n<li class=\"wow fadeIn\">Panel de dipolo \u00fanico<\/li>\n<li class=\"wow fadeIn\">Direccional<\/li>\n<li class=\"wow fadeIn\">Presurizable<\/li>\n<li>Ganancia: 4,5 dB (6,7 dBi)\n<p>VSWR \u2264 1,2 : 1Banda ancha<\/p>\n<p>Amplitud horizontal: 150\u00ba a \u20133 dB (plano H)<\/p>\n<p>Amplitud vertical: 75\u00ba a \u20133 dB (plano E)<\/p>\n<p>Polarizaci\u00f3n: Vertical u Horizontal<\/p>\n<p>Conector: N, DIN 7\/16\u201d o EIA 7\/8\u201d<\/p>\n<p>Clasificaci\u00f3n de potencia m\u00e1xima: 3 kW @ DIN 7\/16 \u00ab- 5 kW @ EIA 7\/18\u00bb<\/p>\n<p>Impedancia de entrada 50 \u03a9<\/p>\n<p>&nbsp;<\/li>\n<\/ul>\n","protected":false},"excerpt":{"rendered":"<p>Antena de panel dipolo FM MT-2000FM es una antena de panel dipolo \u00fanico, con polarizaci\u00f3n lineal y patr\u00f3n direccional. Ideal para aplicaciones de transmisi\u00f3n de baja<span class=\"excerpt-hellip\"> [\u2026]<\/span><\/p>\n","protected":false},"featured_media":811,"comment_status":"open","ping_status":"closed","template":"","meta":{"_monsterinsights_skip_tracking":false,"_monsterinsights_sitenote_active":false,"_monsterinsights_sitenote_note":"","_monsterinsights_sitenote_category":0},"product_cat":[72],"product_tag":[],"yst_prominent_words":[],"_links":{"self":[{"href":"https:\/\/nexsperu.com\/index.php\/wp-json\/wp\/v2\/product\/808"}],"collection":[{"href":"https:\/\/nexsperu.com\/index.php\/wp-json\/wp\/v2\/product"}],"about":[{"href":"https:\/\/nexsperu.com\/index.php\/wp-json\/wp\/v2\/types\/product"}],"replies":[{"embeddable":true,"href":"https:\/\/nexsperu.com\/index.php\/wp-json\/wp\/v2\/comments?post=808"}],"wp:featuredmedia":[{"embeddable":true,"href":"https:\/\/nexsperu.com\/index.php\/wp-json\/wp\/v2\/media\/811"}],"wp:attachment":[{"href":"https:\/\/nexsperu.com\/index.php\/wp-json\/wp\/v2\/media?parent=808"}],"wp:term":[{"taxonomy":"product_cat","embeddable":true,"href":"https:\/\/nexsperu.com\/index.php\/wp-json\/wp\/v2\/product_cat?post=808"},{"taxonomy":"product_tag","embeddable":true,"href":"https:\/\/nexsperu.com\/index.php\/wp-json\/wp\/v2\/product_tag?post=808"},{"taxonomy":"yst_prominent_words","embeddable":true,"href":"https:\/\/nexsperu.com\/index.php\/wp-json\/wp\/v2\/yst_prominent_words?post=808"}],"curies":[{"name":"wp","href":"https:\/\/api.w.org\/{rel}","templated":true}]}}